e highest common factor of t and a.
3
Let o = 80 + 43. Suppose -37 = -x + o. What is the greatest common divisor of x and 20?
20
Suppose -7*q - 24 = -11*q. Suppose -4*t = -q - 42. What is the greatest common factor of 84 and t?
12
Let a be (3/6)/(1/12). Let g = 29 - 27. What is the highest common factor of a and g?
2
Suppose -4*q + 75 = q. Let h = q + -9. Suppose -r = -h*r + 130. Calculate the highest common divisor of 13 and r.
13
Let y = -68 + 131. Let n = 11 + -4. Calculate the highest common factor of y and n.
7
Let w = -7 + 9. Suppose -w = -4*l + 30. Let g be (12/(-15))/((-3)/120). What is the greatest common factor of l and g?
8
Suppose -5*b + 4*r + 933 = 0, -4*r = -5 - 7. Let c = b + -109. What is the highest common factor of c and 32?
16
Let c(i) = -i**2 + 5*i + 6. Let r be c(5). Let x be ((-1)/1)/((-3)/r). Suppose 2*m - 20 - 24 = 0. What is the greatest common factor of m and x?
2
Let i(b) = -3*b - 23. Let x be i(-21). Calculate the greatest common factor of x and 8.
8
Let z(q) = -q**2 - 3*q + 4. Let s(w) = -w + 2. Let p be s(6). Let a be z(p). Suppose a = t - 12. What is the highest common factor of t and 108?
12
Let c(b) = -2*b - 3. Let u be c(-3). Suppose -u*m = -2*m - 256. Let g be (-8)/28 + m/14. What is the highest common factor of g and 9?
9
Let v(s) = -4*s - 12. Suppose -14 - 26 = 4*r. Let j be v(r). Calculate the greatest common divisor of 70 and j.
14
Let g = -19 - -11. Let t = g + 13. Let y = 13 - 8. Calculate the highest common factor of y and t.
5
Let m(q) = -2*q**2 - 8*q + 5. Let j(d) = d - 1. Let y(z) = -6*j(z) - m(z). Let k be y(-1). What is the greatest common factor of 5 and k?
1
Let h(m) = m**3 - 8*m**2 - 7*m - 8. Suppose 5*a + 25 = 5*s, 0 = s + s + a - 22. Let q be h(s). Let r = q - -5. Calculate the greatest common factor of r and 30.
15
Suppose -w - 37 = -b - 2*w, -193 = -5*b - w. Calculate the highest common factor of b and 312.
39
Let u = 42 - 22. Calculate the highest common divisor of 60 and u.
20
Suppose 5*b + 0*x - 2*x + 58 = 0, 0 = -3*b + 4*x - 46. Let g be 574/10 - 6/b. Let r = g + -10. What is the highest common divisor of r and 6?
6
Suppose 0*b + b + 2*f - 11 = 0, 5*b - 55 = -2*f. What is the greatest common divisor of b and 11?
11
Let k = -14 - -28. What is the highest common factor of k and 28?
14
Let a be 0/4 + 46/1. Let d(p) = 3*p**3 - 3*p**2 + p + 2. Let o be d(4). Suppose 380 = 2*s + o. What is the highest common factor of a and s?
23
Let w(p) = -11*p + 23. Let o be w(-12). Calculate the greatest common factor of 31 and o.
31
Suppose -3 - 24 = -3*w. Calculate the highest common divisor of w and 9.
9
Let f be 0/(-34) + 38*(3 - -2). Calculate the highest common divisor of f and 10.
10
Suppose -v = f - 0*v, -2*v - 10 = -3*f. Suppose 5*x - x = 4*i + 32, -3*i + 21 = f*x. Calculate the highest common divisor of x and 72.
9
Let a be (4 + 152/(-36))*-9. Suppose 3*j - a*j - 45 = 0. Calculate the highest common divisor of j and 18.
9
Let m = 3 - 2. Suppose -2*f + 3 = -m. Suppose 3*u + f*b - 81 = 7*b, -u = b - 35. Calculate the highest common divisor of u and 4.
4
Let h(d) = -40*d - 5. Let k be h(-5). What is the greatest common factor of k and 78?
39
Suppose i + 57 = 2*i + 2*c, -i + 60 = 3*c. Calculate the greatest common divisor of i and 306.
51
Let d be 4/(-5)*(2 - 7). Let w(x) = 7*x + 5. Let j be w(d). Suppose -4*g + 10*g - 18 = 0. Calculate the highest common factor of j and g.
3
Let b be (-66)/(-9) - (-2)/(-6). Let v(d) = -d**3 + 56. Let p be v(0). What is the greatest common divisor of b and p?
7
Let t = -91 - -175. Let x = 24 - 12. Suppose r = 4*n - 18 - 30, 0 = -n - 2*r + x. Calculate the highest common divisor of t and n.
12
Let g be 3 - (1 - -2) - 1. Let h be g/((-2)/10) + -1. Calculate the highest common divisor of h and 20.
4
Let y be (-98)/(-16) - (4/32)/1. What is the greatest common factor of y and 42?
6
Suppose -l - 357 = -4*l. Calculate the greatest common divisor of l and 17.
17
Let o = 47 - 23. Calculate the highest common factor of 24 and o.
24
Let u be (-61)/(-6) + (-2)/12. Calculate the highest common divisor of 20 and u.
10
Suppose -3*s + 14 + 37 = 0. Suppose -3*x + s - 14 = 0. What is the highest common factor of x and 1?
1
Let o = -26 + 31. Let p(u) = 17*u + 8. Let m be p(o). Calculate the highest common factor of 31 and m.
31
Suppose 0 = 5*b + 4*u, 3*b - 6 = 4*b + 2*u. Let x(d) = -7 + 2*d**2 + b*d + 0*d - d**2. Let v be x(-6). What is the greatest common divisor of v and 20?
5
Let u be 18/4*(-4)/(-6). What is the highest common factor of 33 and u?
3
Suppose 3*d = -7 + 16, -3*u = -2*d - 159. Suppose 3*x + u = 8*x. What is the highest common divisor of 121 and x?
11
Suppose w = -4*y + 4, -3*w + 5*y + 6 = -6. Suppose -2*z + 22 = 4*g - 0, w*g + z - 19 = 0. What is the highest common factor of g and 44?
4
Suppose 90 = f + 3*p, -2*f + p + 316 = 101. Suppose 4*q - 2*m - 178 = 0, -2*m + 32 = q - 0. Calculate the highest common factor of q and f.
21
Suppose h + 14 = -l - 4*h, -4*l + 54 = -2*h. Calculate the greatest common divisor of l and 22.
11
Let q be 90/4*(-28)/(-5). Suppose 0 = 5*j + 10, 4*m + j - 4*j - q = 0. Suppose -3*p + 5*p - 30 = 0. Calculate the highest common factor of p and m.
15
Suppose 75 = 3*t + 2*t. Let k be 3/(-9) - 7/(-3). Let z be 19/2 - k/(-4). What is the highest common divisor of z and t?
5
Let a(d) = 233*d + 1. Let n be a(1). Calculate the highest common divisor of 26 and n.
26
Let a = 6 + 0. Let c(m) = -m**3 - 3*m**2 - 2*m - 4. Let i be c(-3). What is the greatest common factor of a and i?
2
Suppose k - 45 = 3. Let v = 38 - 19. Suppose 0 = -5*z + 41 + v. What is the highest common factor of z and k?
12
Let z be 5930/(-6) - 4/6. Let w be z + -2*3/6. Let n be w/35*28/(-6). What is the greatest common divisor of 12 and n?
12
Suppose -v = -4*v + 42. Suppose 104 + 176 = 2*c. Calculate the highest common divisor of v and c.
14
Suppose -2*m + 15 = -w, -2*m - 4*w - 18 = -4*m. What is the highest common divisor of 21 and m?
7
Let d be (49/14)/(2/(-4)). Let l(g) = -g**3 - 6*g**2 + 7*g + 8. Let u be l(d). Calculate the greatest common factor of u and 2.
2
Let s be ((-3)/5)/((-8)/40). Suppose d - s*d = -330. What is the highest common factor of d and 15?
15
Let h(z) = z**3 + 6*z**2 - 5*z - 2. Let i be h(-5). Suppose -2*p = -7*p. Suppose 36 + p = 3*c. Calculate the highest common divisor of i and c.
12
Suppose -4*n = -3 - 9. What is the greatest common factor of n and 9?
3
Suppose -27 = -2*f + 25. What is the greatest common factor of 52 and f?
26
Let x = 195 + -125. Suppose -r + 4 = -6. What is the highest common divisor of r and x?
10
Let q(m) = 3*m + 3. Let l be q(-3). Let y(a) = a**3 + 7*a**2 + 5*a + 10. Let i be y(l). Calculate the greatest common divisor of 80 and i.
16
Let h(w) = 2*w + 1. Let i be h(6). Let j(t) = -115*t + 2. Let f be j(-1). Calculate the highest common factor of i and f.
13
Let r = 27 - 20. Let w be 4/(-18) - 68/18. Let t(j) = j + 5. Let n be t(w). Calculate the highest common divisor of r and n.
1
Let r be (-4)/(9/5 + -2). What is the highest common divisor of r and 30?
10
Let u be (2/3)/((-6)/54). Let l be ((-2)/u)/((-10)/(-1020)). What is the highest common factor of l and 272?
34
Let y(l) = l**3 - 5*l**2 + 5*l + 1. Let m be y(4). Suppose -14 = -3*g + 2*p, -m*g - 5*p - 1 = -16. Calculate the greatest common factor of 28 and g.
4
Let r be 12/18 - -7*(-10)/(-3). Calculate the highest common divisor of 6 and r.
6
Let i = -18 + 28. Suppose -3*c - 4*y + 70 + 84 = 0, -c + 46 = -4*y. Calculate the highest common factor of c and i.
10
Let r be 5*(-8)/2*-5. Let f = r - 67. Let t = -8 - -11. Calculate the highest common factor of t and f.
3
Let i(k) = 4 + 3*k**2 - 3*k**2 + k**2 - 5*k - 1. Let g be i(4). Let w be 0/7 + (97 - g). Calculate the greatest common factor of 14 and w.
14
Let b be -3 + (-66)/(-24) + 42/8. What is the greatest common factor of 5 and b?
5
Let z(h) = 3*h - 1. Let b be z(2). Let u(r) = 2 - 2*r**2 - 5*r - r**2 + 2*r**2. Let y be u(-5). What is the highest common factor of b and y?
1
Let x = 6 + 5. Let f(c) = -3*c**2 + 5*c + 3. Let k be f(-5). Let v = -42 - k. Calculate the highest common divisor of v and x.
11
Let t = -13 - -25. Calculate the greatest common factor of 132 and t.
12
Let f(o) = o**2 + 3*o - 8. Let z be f(-6). Calculate 